{"id":536,"date":"2024-05-17T14:40:11","date_gmt":"2024-05-17T12:40:11","guid":{"rendered":"https:\/\/www.wp.pradeshandball.com\/?page_id=536"},"modified":"2025-07-03T20:08:00","modified_gmt":"2025-07-03T18:08:00","slug":"documents","status":"publish","type":"page","link":"https:\/\/www.pradeshandball.com\/index.php\/documents\/","title":{"rendered":"documents"},"content":{"rendered":"\t\t<div data-elementor-type=\"wp-page\" data-elementor-id=\"536\" class=\"elementor elementor-536\" data-elementor-post-type=\"page\">\n\t\t\t\t<div class=\"elementor-element elementor-element-972b288 e-flex e-con-boxed e-con e-parent\" data-id=\"972b288\" data-element_type=\"container\">\n\t\t\t\t\t<div class=\"e-con-inner\">\n\t\t\t\t<div class=\"elementor-element elementor-element-3842a5d elementor-widget-divider--view-line_text elementor-widget-divider--element-align-center elementor-widget elementor-widget-divider\" data-id=\"3842a5d\" data-element_type=\"widget\" data-widget_type=\"divider.default\">\n\t\t\t\t<div class=\"elementor-widget-container\">\n\t\t\t\t\t\t\t<div class=\"elementor-divider\">\n\t\t\t<span class=\"elementor-divider-separator\">\n\t\t\t\t\t\t\t<h2 class=\"elementor-divider__text elementor-divider__element\">\n\t\t\t\tDocuments administratifs\t\t\t\t<\/h2>\n\t\t\t\t\t\t<\/span>\n\t\t<\/div>\n\t\t\t\t\t\t<\/div>\n\t\t\t\t<\/div>\n\t\t<div class=\"elementor-element elementor-element-587d06b e-flex e-con-boxed e-con e-child\" data-id=\"587d06b\" data-element_type=\"container\">\n\t\t\t\t\t<div class=\"e-con-inner\">\n\t\t\t\t<div class=\"elementor-element elementor-element-324f455 elementor-widget elementor-widget-button\" data-id=\"324f455\" data-element_type=\"widget\" data-widget_type=\"button.default\">\n\t\t\t\t<div class=\"elementor-widget-container\">\n\t\t\t\t\t\t\t\t\t<div class=\"elementor-button-wrapper\">\n\t\t\t\t\t<a class=\"elementor-button elementor-button-link elementor-size-sm\" href=\"http:\/\/www.wp.pradeshandball.com\/wp-content\/uploads\/2024\/05\/PHB_Statuts_03-juillet-2020_signes.pdf\" target=\"_blank\" download=\"\">\n\t\t\t\t\t\t<span class=\"elementor-button-content-wrapper\">\n\t\t\t\t\t\t<span class=\"elementor-button-icon\">\n\t\t\t\t<svg aria-hidden=\"true\" class=\"e-font-icon-svg e-fas-download\" viewBox=\"0 0 512 512\" xmlns=\"http:\/\/www.w3.org\/2000\/svg\"><path d=\"M216 0h80c13.3 0 24 10.7 24 24v168h87.7c17.8 0 26.7 21.5 14.1 34.1L269.7 378.3c-7.5 7.5-19.8 7.5-27.3 0L90.1 226.1c-12.6-12.6-3.7-34.1 14.1-34.1H192V24c0-13.3 10.7-24 24-24zm296 376v112c0 13.3-10.7 24-24 24H24c-13.3 0-24-10.7-24-24V376c0-13.3 10.7-24 24-24h146.7l49 49c20.1 20.1 52.5 20.1 72.6 0l49-49H488c13.3 0 24 10.7 24 24zm-124 88c0-11-9-20-20-20s-20 9-20 20 9 20 20 20 20-9 20-20zm64 0c0-11-9-20-20-20s-20 9-20 20 9 20 20 20 20-9 20-20z\"><\/path><\/svg>\t\t\t<\/span>\n\t\t\t\t\t\t\t\t\t<span class=\"elementor-button-text\">Status<\/span>\n\t\t\t\t\t<\/span>\n\t\t\t\t\t<\/a>\n\t\t\t\t<\/div>\n\t\t\t\t\t\t\t\t<\/div>\n\t\t\t\t<\/div>\n\t\t\t\t<div class=\"elementor-element elementor-element-08719dc elementor-widget elementor-widget-button\" data-id=\"08719dc\" data-element_type=\"widget\" data-widget_type=\"button.default\">\n\t\t\t\t<div class=\"elementor-widget-container\">\n\t\t\t\t\t\t\t\t\t<div class=\"elementor-button-wrapper\">\n\t\t\t\t\t<a class=\"elementor-button elementor-button-link elementor-size-sm\" href=\"http:\/\/www.pradeshandball.com\/wp-content\/uploads\/2025\/07\/REGLEMENT-INTERIEUR-PHB-juin-2025-VF.pdf\" target=\"_blank\" download=\"\">\n\t\t\t\t\t\t<span class=\"elementor-button-content-wrapper\">\n\t\t\t\t\t\t<span class=\"elementor-button-icon\">\n\t\t\t\t<svg aria-hidden=\"true\" class=\"e-font-icon-svg e-fas-download\" viewBox=\"0 0 512 512\" xmlns=\"http:\/\/www.w3.org\/2000\/svg\"><path d=\"M216 0h80c13.3 0 24 10.7 24 24v168h87.7c17.8 0 26.7 21.5 14.1 34.1L269.7 378.3c-7.5 7.5-19.8 7.5-27.3 0L90.1 226.1c-12.6-12.6-3.7-34.1 14.1-34.1H192V24c0-13.3 10.7-24 24-24zm296 376v112c0 13.3-10.7 24-24 24H24c-13.3 0-24-10.7-24-24V376c0-13.3 10.7-24 24-24h146.7l49 49c20.1 20.1 52.5 20.1 72.6 0l49-49H488c13.3 0 24 10.7 24 24zm-124 88c0-11-9-20-20-20s-20 9-20 20 9 20 20 20 20-9 20-20zm64 0c0-11-9-20-20-20s-20 9-20 20 9 20 20 20 20-9 20-20z\"><\/path><\/svg>\t\t\t<\/span>\n\t\t\t\t\t\t\t\t\t<span class=\"elementor-button-text\">R\u00e8glement Int\u00e9rieur<\/span>\n\t\t\t\t\t<\/span>\n\t\t\t\t\t<\/a>\n\t\t\t\t<\/div>\n\t\t\t\t\t\t\t\t<\/div>\n\t\t\t\t<\/div>\n\t\t\t\t<div class=\"elementor-element elementor-element-ad361b5 elementor-widget elementor-widget-button\" data-id=\"ad361b5\" data-element_type=\"widget\" data-widget_type=\"button.default\">\n\t\t\t\t<div class=\"elementor-widget-container\">\n\t\t\t\t\t\t\t\t\t<div class=\"elementor-button-wrapper\">\n\t\t\t\t\t<a class=\"elementor-button elementor-button-link elementor-size-sm\" href=\"http:\/\/www.wp.pradeshandball.com\/wp-content\/uploads\/2024\/05\/charte-entraineur.pdf\" target=\"_blank\" download=\"\">\n\t\t\t\t\t\t<span class=\"elementor-button-content-wrapper\">\n\t\t\t\t\t\t<span class=\"elementor-button-icon\">\n\t\t\t\t<svg aria-hidden=\"true\" class=\"e-font-icon-svg e-fas-download\" viewBox=\"0 0 512 512\" xmlns=\"http:\/\/www.w3.org\/2000\/svg\"><path d=\"M216 0h80c13.3 0 24 10.7 24 24v168h87.7c17.8 0 26.7 21.5 14.1 34.1L269.7 378.3c-7.5 7.5-19.8 7.5-27.3 0L90.1 226.1c-12.6-12.6-3.7-34.1 14.1-34.1H192V24c0-13.3 10.7-24 24-24zm296 376v112c0 13.3-10.7 24-24 24H24c-13.3 0-24-10.7-24-24V376c0-13.3 10.7-24 24-24h146.7l49 49c20.1 20.1 52.5 20.1 72.6 0l49-49H488c13.3 0 24 10.7 24 24zm-124 88c0-11-9-20-20-20s-20 9-20 20 9 20 20 20 20-9 20-20zm64 0c0-11-9-20-20-20s-20 9-20 20 9 20 20 20 20-9 20-20z\"><\/path><\/svg>\t\t\t<\/span>\n\t\t\t\t\t\t\t\t\t<span class=\"elementor-button-text\">Charte entra\u00eeneur<\/span>\n\t\t\t\t\t<\/span>\n\t\t\t\t\t<\/a>\n\t\t\t\t<\/div>\n\t\t\t\t\t\t\t\t<\/div>\n\t\t\t\t<\/div>\n\t\t\t\t\t<\/div>\n\t\t\t\t<\/div>\n\t\t\t\t\t<\/div>\n\t\t\t\t<\/div>\n\t\t<div class=\"elementor-element elementor-element-7971fee e-flex e-con-boxed e-con e-parent\" data-id=\"7971fee\" data-element_type=\"container\">\n\t\t\t\t\t<div class=\"e-con-inner\">\n\t\t\t\t<div class=\"elementor-element elementor-element-4b93a98 elementor-widget-divider--view-line_text elementor-widget-divider--element-align-center elementor-widget elementor-widget-divider\" data-id=\"4b93a98\" data-element_type=\"widget\" data-widget_type=\"divider.default\">\n\t\t\t\t<div class=\"elementor-widget-container\">\n\t\t\t\t\t\t\t<div class=\"elementor-divider\">\n\t\t\t<span class=\"elementor-divider-separator\">\n\t\t\t\t\t\t\t<h2 class=\"elementor-divider__text elementor-divider__element\">\n\t\t\t\tDocuments sportifs\t\t\t\t<\/h2>\n\t\t\t\t\t\t<\/span>\n\t\t<\/div>\n\t\t\t\t\t\t<\/div>\n\t\t\t\t<\/div>\n\t\t\t\t\t<\/div>\n\t\t\t\t<\/div>\n\t\t<div class=\"elementor-element elementor-element-17ad45f e-flex e-con-boxed e-con e-parent\" data-id=\"17ad45f\" data-element_type=\"container\">\n\t\t\t\t\t<div class=\"e-con-inner\">\n\t\t\t\t<div class=\"elementor-element elementor-element-b2d9c61 elementor-align-center elementor-widget elementor-widget-button\" data-id=\"b2d9c61\" data-element_type=\"widget\" data-widget_type=\"button.default\">\n\t\t\t\t<div class=\"elementor-widget-container\">\n\t\t\t\t\t\t\t\t\t<div class=\"elementor-button-wrapper\">\n\t\t\t\t\t<a class=\"elementor-button elementor-button-link elementor-size-sm\" href=\"http:\/\/www.wp.pradeshandball.com\/wp-content\/uploads\/2024\/05\/LivretArbitrageJuillet2022.pdf\" target=\"_blank\" download=\"\">\n\t\t\t\t\t\t<span class=\"elementor-button-content-wrapper\">\n\t\t\t\t\t\t<span class=\"elementor-button-icon\">\n\t\t\t\t<svg aria-hidden=\"true\" class=\"e-font-icon-svg e-fas-download\" viewBox=\"0 0 512 512\" xmlns=\"http:\/\/www.w3.org\/2000\/svg\"><path d=\"M216 0h80c13.3 0 24 10.7 24 24v168h87.7c17.8 0 26.7 21.5 14.1 34.1L269.7 378.3c-7.5 7.5-19.8 7.5-27.3 0L90.1 226.1c-12.6-12.6-3.7-34.1 14.1-34.1H192V24c0-13.3 10.7-24 24-24zm296 376v112c0 13.3-10.7 24-24 24H24c-13.3 0-24-10.7-24-24V376c0-13.3 10.7-24 24-24h146.7l49 49c20.1 20.1 52.5 20.1 72.6 0l49-49H488c13.3 0 24 10.7 24 24zm-124 88c0-11-9-20-20-20s-20 9-20 20 9 20 20 20 20-9 20-20zm64 0c0-11-9-20-20-20s-20 9-20 20 9 20 20 20 20-9 20-20z\"><\/path><\/svg>\t\t\t<\/span>\n\t\t\t\t\t\t\t\t\t<span class=\"elementor-button-text\">Livret arbitrage 2022<\/span>\n\t\t\t\t\t<\/span>\n\t\t\t\t\t<\/a>\n\t\t\t\t<\/div>\n\t\t\t\t\t\t\t\t<\/div>\n\t\t\t\t<\/div>\n\t\t\t\t\t<\/div>\n\t\t\t\t<\/div>\n\t\t\t\t<\/div>\n\t\t","protected":false},"excerpt":{"rendered":"<p>Documents administratifs Status R\u00e8glement Int\u00e9rieur Charte entra\u00eeneur Documents sportifs Livret arbitrage 2022<\/p>\n","protected":false},"author":2,"featured_media":0,"parent":0,"menu_order":0,"comment_status":"closed","ping_status":"closed","template":"","meta":{"footnotes":""},"class_list":["post-536","page","type-page","status-publish","hentry"],"yoast_head":"<!-- This site is optimized with the Yoast SEO plugin v25.3 - https:\/\/yoast.com\/wordpress\/plugins\/seo\/ -->\n<title>documents - Prades HandBall<\/title>\n<meta name=\"description\" content=\"Documents officiels du Prades Handball : fiches d\u2019inscription, certificats m\u00e9dicaux, r\u00e8glements internes et autorisations diverses. T\u00e9l\u00e9chargez les fichiers n\u00e9cessaires pour la saison en cours.\" \/>\n<meta name=\"robots\" content=\"index, follow, max-snippet:-1, max-image-preview:large, max-video-preview:-1\" \/>\n<link rel=\"canonical\" href=\"https:\/\/www.pradeshandball.com\/index.php\/documents\/\" \/>\n<meta property=\"og:locale\" content=\"en_US\" \/>\n<meta property=\"og:type\" content=\"article\" \/>\n<meta property=\"og:title\" content=\"documents - Prades HandBall\" \/>\n<meta property=\"og:description\" content=\"Documents officiels du Prades Handball : fiches d\u2019inscription, certificats m\u00e9dicaux, r\u00e8glements internes et autorisations diverses. T\u00e9l\u00e9chargez les fichiers n\u00e9cessaires pour la saison en cours.\" \/>\n<meta property=\"og:url\" content=\"https:\/\/www.pradeshandball.com\/index.php\/documents\/\" \/>\n<meta property=\"og:site_name\" content=\"Prades HandBall\" \/>\n<meta property=\"article:publisher\" content=\"https:\/\/www.facebook.com\/pradeslelezhandball\/?locale=fr_FR\" \/>\n<meta property=\"article:modified_time\" content=\"2025-07-03T18:08:00+00:00\" \/>\n<meta name=\"twitter:card\" content=\"summary_large_image\" \/>\n<script type=\"application\/ld+json\" class=\"yoast-schema-graph\">{\"@context\":\"https:\/\/schema.org\",\"@graph\":[{\"@type\":\"WebPage\",\"@id\":\"https:\/\/www.pradeshandball.com\/index.php\/documents\/\",\"url\":\"https:\/\/www.pradeshandball.com\/index.php\/documents\/\",\"name\":\"documents - Prades HandBall\",\"isPartOf\":{\"@id\":\"https:\/\/www.pradeshandball.com\/#website\"},\"datePublished\":\"2024-05-17T12:40:11+00:00\",\"dateModified\":\"2025-07-03T18:08:00+00:00\",\"description\":\"Documents officiels du Prades Handball : fiches d\u2019inscription, certificats m\u00e9dicaux, r\u00e8glements internes et autorisations diverses. T\u00e9l\u00e9chargez les fichiers n\u00e9cessaires pour la saison en cours.\",\"breadcrumb\":{\"@id\":\"https:\/\/www.pradeshandball.com\/index.php\/documents\/#breadcrumb\"},\"inLanguage\":\"en-US\",\"potentialAction\":[{\"@type\":\"ReadAction\",\"target\":[\"https:\/\/www.pradeshandball.com\/index.php\/documents\/\"]}]},{\"@type\":\"BreadcrumbList\",\"@id\":\"https:\/\/www.pradeshandball.com\/index.php\/documents\/#breadcrumb\",\"itemListElement\":[{\"@type\":\"ListItem\",\"position\":1,\"name\":\"Accueil\",\"item\":\"https:\/\/www.pradeshandball.com\/\"},{\"@type\":\"ListItem\",\"position\":2,\"name\":\"documents\"}]},{\"@type\":\"WebSite\",\"@id\":\"https:\/\/www.pradeshandball.com\/#website\",\"url\":\"https:\/\/www.pradeshandball.com\/\",\"name\":\"Prades HandBall\",\"description\":\"\",\"publisher\":{\"@id\":\"https:\/\/www.pradeshandball.com\/#organization\"},\"potentialAction\":[{\"@type\":\"SearchAction\",\"target\":{\"@type\":\"EntryPoint\",\"urlTemplate\":\"https:\/\/www.pradeshandball.com\/?s={search_term_string}\"},\"query-input\":{\"@type\":\"PropertyValueSpecification\",\"valueRequired\":true,\"valueName\":\"search_term_string\"}}],\"inLanguage\":\"en-US\"},{\"@type\":\"Organization\",\"@id\":\"https:\/\/www.pradeshandball.com\/#organization\",\"name\":\"Prades HandBall\",\"url\":\"https:\/\/www.pradeshandball.com\/\",\"logo\":{\"@type\":\"ImageObject\",\"inLanguage\":\"en-US\",\"@id\":\"https:\/\/www.pradeshandball.com\/#\/schema\/logo\/image\/\",\"url\":\"https:\/\/www.pradeshandball.com\/wp-content\/uploads\/2023\/12\/Capture-decran-2025-07-31-a-14.35.10.png\",\"contentUrl\":\"https:\/\/www.pradeshandball.com\/wp-content\/uploads\/2023\/12\/Capture-decran-2025-07-31-a-14.35.10.png\",\"width\":1074,\"height\":418,\"caption\":\"Prades HandBall\"},\"image\":{\"@id\":\"https:\/\/www.pradeshandball.com\/#\/schema\/logo\/image\/\"},\"sameAs\":[\"https:\/\/www.facebook.com\/pradeslelezhandball\/?locale=fr_FR\",\"https:\/\/www.instagram.com\/pradeslelezhandball\/\"]}]}<\/script>\n<!-- \/ Yoast SEO plugin. -->","yoast_head_json":{"title":"documents - Prades HandBall","description":"Documents officiels du Prades Handball : fiches d\u2019inscription, certificats m\u00e9dicaux, r\u00e8glements internes et autorisations diverses. T\u00e9l\u00e9chargez les fichiers n\u00e9cessaires pour la saison en cours.","robots":{"index":"index","follow":"follow","max-snippet":"max-snippet:-1","max-image-preview":"max-image-preview:large","max-video-preview":"max-video-preview:-1"},"canonical":"https:\/\/www.pradeshandball.com\/index.php\/documents\/","og_locale":"en_US","og_type":"article","og_title":"documents - Prades HandBall","og_description":"Documents officiels du Prades Handball : fiches d\u2019inscription, certificats m\u00e9dicaux, r\u00e8glements internes et autorisations diverses. T\u00e9l\u00e9chargez les fichiers n\u00e9cessaires pour la saison en cours.","og_url":"https:\/\/www.pradeshandball.com\/index.php\/documents\/","og_site_name":"Prades HandBall","article_publisher":"https:\/\/www.facebook.com\/pradeslelezhandball\/?locale=fr_FR","article_modified_time":"2025-07-03T18:08:00+00:00","twitter_card":"summary_large_image","schema":{"@context":"https:\/\/schema.org","@graph":[{"@type":"WebPage","@id":"https:\/\/www.pradeshandball.com\/index.php\/documents\/","url":"https:\/\/www.pradeshandball.com\/index.php\/documents\/","name":"documents - Prades HandBall","isPartOf":{"@id":"https:\/\/www.pradeshandball.com\/#website"},"datePublished":"2024-05-17T12:40:11+00:00","dateModified":"2025-07-03T18:08:00+00:00","description":"Documents officiels du Prades Handball : fiches d\u2019inscription, certificats m\u00e9dicaux, r\u00e8glements internes et autorisations diverses. T\u00e9l\u00e9chargez les fichiers n\u00e9cessaires pour la saison en cours.","breadcrumb":{"@id":"https:\/\/www.pradeshandball.com\/index.php\/documents\/#breadcrumb"},"inLanguage":"en-US","potentialAction":[{"@type":"ReadAction","target":["https:\/\/www.pradeshandball.com\/index.php\/documents\/"]}]},{"@type":"BreadcrumbList","@id":"https:\/\/www.pradeshandball.com\/index.php\/documents\/#breadcrumb","itemListElement":[{"@type":"ListItem","position":1,"name":"Accueil","item":"https:\/\/www.pradeshandball.com\/"},{"@type":"ListItem","position":2,"name":"documents"}]},{"@type":"WebSite","@id":"https:\/\/www.pradeshandball.com\/#website","url":"https:\/\/www.pradeshandball.com\/","name":"Prades HandBall","description":"","publisher":{"@id":"https:\/\/www.pradeshandball.com\/#organization"},"potentialAction":[{"@type":"SearchAction","target":{"@type":"EntryPoint","urlTemplate":"https:\/\/www.pradeshandball.com\/?s={search_term_string}"},"query-input":{"@type":"PropertyValueSpecification","valueRequired":true,"valueName":"search_term_string"}}],"inLanguage":"en-US"},{"@type":"Organization","@id":"https:\/\/www.pradeshandball.com\/#organization","name":"Prades HandBall","url":"https:\/\/www.pradeshandball.com\/","logo":{"@type":"ImageObject","inLanguage":"en-US","@id":"https:\/\/www.pradeshandball.com\/#\/schema\/logo\/image\/","url":"https:\/\/www.pradeshandball.com\/wp-content\/uploads\/2023\/12\/Capture-decran-2025-07-31-a-14.35.10.png","contentUrl":"https:\/\/www.pradeshandball.com\/wp-content\/uploads\/2023\/12\/Capture-decran-2025-07-31-a-14.35.10.png","width":1074,"height":418,"caption":"Prades HandBall"},"image":{"@id":"https:\/\/www.pradeshandball.com\/#\/schema\/logo\/image\/"},"sameAs":["https:\/\/www.facebook.com\/pradeslelezhandball\/?locale=fr_FR","https:\/\/www.instagram.com\/pradeslelezhandball\/"]}]}},"_links":{"self":[{"href":"https:\/\/www.pradeshandball.com\/index.php\/wp-json\/wp\/v2\/pages\/536","targetHints":{"allow":["GET"]}}],"collection":[{"href":"https:\/\/www.pradeshandball.com\/index.php\/wp-json\/wp\/v2\/pages"}],"about":[{"href":"https:\/\/www.pradeshandball.com\/index.php\/wp-json\/wp\/v2\/types\/page"}],"author":[{"embeddable":true,"href":"https:\/\/www.pradeshandball.com\/index.php\/wp-json\/wp\/v2\/users\/2"}],"replies":[{"embeddable":true,"href":"https:\/\/www.pradeshandball.com\/index.php\/wp-json\/wp\/v2\/comments?post=536"}],"version-history":[{"count":48,"href":"https:\/\/www.pradeshandball.com\/index.php\/wp-json\/wp\/v2\/pages\/536\/revisions"}],"predecessor-version":[{"id":1874,"href":"https:\/\/www.pradeshandball.com\/index.php\/wp-json\/wp\/v2\/pages\/536\/revisions\/1874"}],"wp:attachment":[{"href":"https:\/\/www.pradeshandball.com\/index.php\/wp-json\/wp\/v2\/media?parent=536"}],"curies":[{"name":"wp","href":"https:\/\/api.w.org\/{rel}","templated":true}]}}